{"id":56,"date":"2023-02-26T18:07:12","date_gmt":"2023-02-26T17:07:12","guid":{"rendered":"http:\/\/gymbyka.com\/?page_id=56"},"modified":"2025-08-31T17:05:37","modified_gmt":"2025-08-31T15:05:37","slug":"slavic-gym-a-quimper-en-plein-air","status":"publish","type":"page","link":"https:\/\/gymbyka.com\/","title":{"rendered":"Gym Slave"},"content":{"rendered":"\n<p class=\"has-text-align-left\">Cours de gymnastique vivifiante dans des environnements naturels pendant toute l\u2019ann\u00e9e dans le but de renforcer notre syst\u00e8me immunitaire. Nous allons nous adapter \u00e0 la m\u00e9t\u00e9o des quatre saisons ! La nature offre un cadre qui stabilise le syst\u00e8me nerveux et cardiaque. Gr\u00e2ce \u00e0 Slavic Wellness, vous diminuerez la fatigue et vous am\u00e9liorerez la qualit\u00e9 du sommeil. <\/p>\n\n\n\n<figure class=\"wp-block-gallery has-nested-images columns-default is-cropped wp-block-gallery-1 is-layout-flex wp-block-gallery-is-layout-flex\">\n<figure class=\"wp-block-image size-large\"><img loading=\"lazy\" decoding=\"async\" width=\"1024\" height=\"1024\" data-id=\"599\" src=\"https:\/\/gymbyka.com\/wp-content\/uploads\/2025\/08\/image0-1024x1024.jpeg\" alt=\"\" class=\"wp-image-599\" srcset=\"https:\/\/gymbyka.com\/wp-content\/uploads\/2025\/08\/image0-1024x1024.jpeg 1024w, https:\/\/gymbyka.com\/wp-content\/uploads\/2025\/08\/image0-300x300.jpeg 300w, https:\/\/gymbyka.com\/wp-content\/uploads\/2025\/08\/image0-150x150.jpeg 150w, https:\/\/gymbyka.com\/wp-content\/uploads\/2025\/08\/image0-768x768.jpeg 768w, https:\/\/gymbyka.com\/wp-content\/uploads\/2025\/08\/image0-1536x1536.jpeg 1536w, https:\/\/gymbyka.com\/wp-content\/uploads\/2025\/08\/image0.jpeg 2048w\" sizes=\"auto, (max-width: 1024px) 100vw, 1024px\" \/><\/figure>\n<\/figure>\n\n\n\n<h2 class=\"wp-block-heading has-medium-font-size\">SIRET : 79314255500010<\/h2>\n","protected":false},"excerpt":{"rendered":"<p>Cours de gymnastique vivifiante dans des environnements naturels pendant toute l\u2019ann\u00e9e dans le but de renforcer notre syst\u00e8me immunitaire. Nous allons nous adapter \u00e0 la m\u00e9t\u00e9o des quatre saisons ! La nature offre un cadre qui stabilise le syst\u00e8me nerveux et cardiaque. Gr\u00e2ce \u00e0 Slavic Wellness, vous diminuerez la fatigue et vous am\u00e9liorerez la qualit\u00e9 &hellip; <\/p>\n","protected":false},"author":1,"featured_media":0,"parent":0,"menu_order":0,"comment_status":"closed","ping_status":"closed","template":"","meta":{"footnotes":""},"class_list":["post-56","page","type-page","status-publish","hentry"],"yoast_head":"<!-- This site is optimized with the Yoast SEO plugin v27.4 - https:\/\/yoast.com\/product\/yoast-seo-wordpress\/ -->\n<title>Gym by Ka Slavic Motion - programme innovant de gymnastique en plein air<\/title>\n<meta name=\"description\" content=\"Slavic Gym en plein air. Pratiquez une activit\u00e9 physique en pleine nature \u00e0 Quimper inspir\u00e9e de la culture slave. Adapt\u00e9e \u00e0 tous. Gym by Ka\" \/>\n<meta name=\"robots\" content=\"index, follow, max-snippet:-1, max-image-preview:large, max-video-preview:-1\" \/>\n<link rel=\"canonical\" href=\"https:\/\/gymbyka.com\/\" \/>\n<meta property=\"og:locale\" content=\"fr_FR\" \/>\n<meta property=\"og:type\" content=\"article\" \/>\n<meta property=\"og:title\" content=\"Gym by Ka Slavic Motion - programme innovant de gymnastique en plein air\" \/>\n<meta property=\"og:description\" content=\"Slavic Gym en plein air. Pratiquez une activit\u00e9 physique en pleine nature \u00e0 Quimper inspir\u00e9e de la culture slave. Adapt\u00e9e \u00e0 tous. Gym by Ka\" \/>\n<meta property=\"og:url\" content=\"https:\/\/gymbyka.com\/\" \/>\n<meta property=\"og:site_name\" content=\"Gym by Ka\" \/>\n<meta property=\"article:publisher\" content=\"https:\/\/www.facebook.com\/SportAuFeminin29\" \/>\n<meta property=\"article:modified_time\" content=\"2025-08-31T15:05:37+00:00\" \/>\n<meta property=\"og:image\" content=\"https:\/\/gymbyka.com\/wp-content\/uploads\/2025\/08\/image0-1024x1024.jpeg\" \/>\n<meta name=\"twitter:card\" content=\"summary_large_image\" \/>\n<meta name=\"twitter:label1\" content=\"Dur\u00e9e de lecture estim\u00e9e\" \/>\n\t<meta name=\"twitter:data1\" content=\"1 minute\" \/>\n<script type=\"application\/ld+json\" class=\"yoast-schema-graph\">{\"@context\":\"https:\\\/\\\/schema.org\",\"@graph\":[{\"@type\":\"WebPage\",\"@id\":\"https:\\\/\\\/gymbyka.com\\\/\",\"url\":\"https:\\\/\\\/gymbyka.com\\\/\",\"name\":\"Gym by Ka Slavic Motion - programme innovant de gymnastique en plein air\",\"isPartOf\":{\"@id\":\"https:\\\/\\\/gymbyka.com\\\/#website\"},\"primaryImageOfPage\":{\"@id\":\"https:\\\/\\\/gymbyka.com\\\/#primaryimage\"},\"image\":{\"@id\":\"https:\\\/\\\/gymbyka.com\\\/#primaryimage\"},\"thumbnailUrl\":\"https:\\\/\\\/gymbyka.com\\\/wp-content\\\/uploads\\\/2025\\\/08\\\/image0-1024x1024.jpeg\",\"datePublished\":\"2023-02-26T17:07:12+00:00\",\"dateModified\":\"2025-08-31T15:05:37+00:00\",\"description\":\"Slavic Gym en plein air. Pratiquez une activit\u00e9 physique en pleine nature \u00e0 Quimper inspir\u00e9e de la culture slave. Adapt\u00e9e \u00e0 tous. Gym by Ka\",\"breadcrumb\":{\"@id\":\"https:\\\/\\\/gymbyka.com\\\/#breadcrumb\"},\"inLanguage\":\"fr-FR\",\"potentialAction\":[{\"@type\":\"ReadAction\",\"target\":[\"https:\\\/\\\/gymbyka.com\\\/\"]}]},{\"@type\":\"ImageObject\",\"inLanguage\":\"fr-FR\",\"@id\":\"https:\\\/\\\/gymbyka.com\\\/#primaryimage\",\"url\":\"https:\\\/\\\/gymbyka.com\\\/wp-content\\\/uploads\\\/2025\\\/08\\\/image0.jpeg\",\"contentUrl\":\"https:\\\/\\\/gymbyka.com\\\/wp-content\\\/uploads\\\/2025\\\/08\\\/image0.jpeg\",\"width\":2048,\"height\":2048},{\"@type\":\"BreadcrumbList\",\"@id\":\"https:\\\/\\\/gymbyka.com\\\/#breadcrumb\",\"itemListElement\":[{\"@type\":\"ListItem\",\"position\":1,\"name\":\"Accueil\",\"item\":\"https:\\\/\\\/gymbyka.com\\\/\"},{\"@type\":\"ListItem\",\"position\":2,\"name\":\"Gym Slave\"}]},{\"@type\":\"WebSite\",\"@id\":\"https:\\\/\\\/gymbyka.com\\\/#website\",\"url\":\"https:\\\/\\\/gymbyka.com\\\/\",\"name\":\"Gym by Ka\",\"description\":\"Coaching sportif \u00e0 Quimper\",\"potentialAction\":[{\"@type\":\"SearchAction\",\"target\":{\"@type\":\"EntryPoint\",\"urlTemplate\":\"https:\\\/\\\/gymbyka.com\\\/?s={search_term_string}\"},\"query-input\":{\"@type\":\"PropertyValueSpecification\",\"valueRequired\":true,\"valueName\":\"search_term_string\"}}],\"inLanguage\":\"fr-FR\"}]}<\/script>\n<!-- \/ Yoast SEO plugin. -->","yoast_head_json":{"title":"Gym by Ka Slavic Motion - programme innovant de gymnastique en plein air","description":"Slavic Gym en plein air. Pratiquez une activit\u00e9 physique en pleine nature \u00e0 Quimper inspir\u00e9e de la culture slave. Adapt\u00e9e \u00e0 tous. Gym by Ka","robots":{"index":"index","follow":"follow","max-snippet":"max-snippet:-1","max-image-preview":"max-image-preview:large","max-video-preview":"max-video-preview:-1"},"canonical":"https:\/\/gymbyka.com\/","og_locale":"fr_FR","og_type":"article","og_title":"Gym by Ka Slavic Motion - programme innovant de gymnastique en plein air","og_description":"Slavic Gym en plein air. Pratiquez une activit\u00e9 physique en pleine nature \u00e0 Quimper inspir\u00e9e de la culture slave. Adapt\u00e9e \u00e0 tous. Gym by Ka","og_url":"https:\/\/gymbyka.com\/","og_site_name":"Gym by Ka","article_publisher":"https:\/\/www.facebook.com\/SportAuFeminin29","article_modified_time":"2025-08-31T15:05:37+00:00","og_image":[{"url":"https:\/\/gymbyka.com\/wp-content\/uploads\/2025\/08\/image0-1024x1024.jpeg","type":"","width":"","height":""}],"twitter_card":"summary_large_image","twitter_misc":{"Dur\u00e9e de lecture estim\u00e9e":"1 minute"},"schema":{"@context":"https:\/\/schema.org","@graph":[{"@type":"WebPage","@id":"https:\/\/gymbyka.com\/","url":"https:\/\/gymbyka.com\/","name":"Gym by Ka Slavic Motion - programme innovant de gymnastique en plein air","isPartOf":{"@id":"https:\/\/gymbyka.com\/#website"},"primaryImageOfPage":{"@id":"https:\/\/gymbyka.com\/#primaryimage"},"image":{"@id":"https:\/\/gymbyka.com\/#primaryimage"},"thumbnailUrl":"https:\/\/gymbyka.com\/wp-content\/uploads\/2025\/08\/image0-1024x1024.jpeg","datePublished":"2023-02-26T17:07:12+00:00","dateModified":"2025-08-31T15:05:37+00:00","description":"Slavic Gym en plein air. Pratiquez une activit\u00e9 physique en pleine nature \u00e0 Quimper inspir\u00e9e de la culture slave. Adapt\u00e9e \u00e0 tous. Gym by Ka","breadcrumb":{"@id":"https:\/\/gymbyka.com\/#breadcrumb"},"inLanguage":"fr-FR","potentialAction":[{"@type":"ReadAction","target":["https:\/\/gymbyka.com\/"]}]},{"@type":"ImageObject","inLanguage":"fr-FR","@id":"https:\/\/gymbyka.com\/#primaryimage","url":"https:\/\/gymbyka.com\/wp-content\/uploads\/2025\/08\/image0.jpeg","contentUrl":"https:\/\/gymbyka.com\/wp-content\/uploads\/2025\/08\/image0.jpeg","width":2048,"height":2048},{"@type":"BreadcrumbList","@id":"https:\/\/gymbyka.com\/#breadcrumb","itemListElement":[{"@type":"ListItem","position":1,"name":"Accueil","item":"https:\/\/gymbyka.com\/"},{"@type":"ListItem","position":2,"name":"Gym Slave"}]},{"@type":"WebSite","@id":"https:\/\/gymbyka.com\/#website","url":"https:\/\/gymbyka.com\/","name":"Gym by Ka","description":"Coaching sportif \u00e0 Quimper","potentialAction":[{"@type":"SearchAction","target":{"@type":"EntryPoint","urlTemplate":"https:\/\/gymbyka.com\/?s={search_term_string}"},"query-input":{"@type":"PropertyValueSpecification","valueRequired":true,"valueName":"search_term_string"}}],"inLanguage":"fr-FR"}]}},"_links":{"self":[{"href":"https:\/\/gymbyka.com\/index.php\/wp-json\/wp\/v2\/pages\/56","targetHints":{"allow":["GET"]}}],"collection":[{"href":"https:\/\/gymbyka.com\/index.php\/wp-json\/wp\/v2\/pages"}],"about":[{"href":"https:\/\/gymbyka.com\/index.php\/wp-json\/wp\/v2\/types\/page"}],"author":[{"embeddable":true,"href":"https:\/\/gymbyka.com\/index.php\/wp-json\/wp\/v2\/users\/1"}],"replies":[{"embeddable":true,"href":"https:\/\/gymbyka.com\/index.php\/wp-json\/wp\/v2\/comments?post=56"}],"version-history":[{"count":71,"href":"https:\/\/gymbyka.com\/index.php\/wp-json\/wp\/v2\/pages\/56\/revisions"}],"predecessor-version":[{"id":620,"href":"https:\/\/gymbyka.com\/index.php\/wp-json\/wp\/v2\/pages\/56\/revisions\/620"}],"wp:attachment":[{"href":"https:\/\/gymbyka.com\/index.php\/wp-json\/wp\/v2\/media?parent=56"}],"curies":[{"name":"wp","href":"https:\/\/api.w.org\/{rel}","templated":true}]}}