{"id":520,"date":"2024-06-27T20:11:05","date_gmt":"2024-06-27T18:11:05","guid":{"rendered":"http:\/\/gymbyka.com\/?page_id=520"},"modified":"2025-08-31T17:02:12","modified_gmt":"2025-08-31T15:02:12","slug":"planning","status":"publish","type":"page","link":"https:\/\/gymbyka.com\/index.php\/planning\/","title":{"rendered":"Planning"},"content":{"rendered":"\n<p>Mardi : 18h00 \u00e0 Kersonio\u00f9<\/p>\n\n\n\n<p>Mercredi : 10h15 en plein air ; 20h00 \u00e0 la maison Na\u00eetre et Rena\u00eetre<\/p>\n\n\n\n<p>Jeudi : 12h15 \u00e0 A New Institut<\/p>\n\n\n\n<p>Samedi : 10h30 en plein air <\/p>\n\n\n\n<figure class=\"wp-block-gallery has-nested-images columns-default is-cropped wp-block-gallery-1 is-layout-flex wp-block-gallery-is-layout-flex\">\n<figure class=\"wp-block-image size-medium\"><img loading=\"lazy\" decoding=\"async\" width=\"300\" height=\"300\" data-id=\"531\" src=\"https:\/\/gymbyka.com\/wp-content\/uploads\/2024\/06\/Bleu-Publication-Instagram-Illustratif-Journee-du-Chien-3-1-300x300.png\" alt=\"\" class=\"wp-image-531\" srcset=\"https:\/\/gymbyka.com\/wp-content\/uploads\/2024\/06\/Bleu-Publication-Instagram-Illustratif-Journee-du-Chien-3-1-300x300.png 300w, https:\/\/gymbyka.com\/wp-content\/uploads\/2024\/06\/Bleu-Publication-Instagram-Illustratif-Journee-du-Chien-3-1-150x150.png 150w, https:\/\/gymbyka.com\/wp-content\/uploads\/2024\/06\/Bleu-Publication-Instagram-Illustratif-Journee-du-Chien-3-1.png 640w\" sizes=\"auto, (max-width: 300px) 100vw, 300px\" \/><\/figure>\n\n\n\n<figure class=\"wp-block-image size-medium\"><img loading=\"lazy\" decoding=\"async\" width=\"300\" height=\"300\" data-id=\"530\" src=\"https:\/\/gymbyka.com\/wp-content\/uploads\/2024\/06\/Bleu-Publication-Instagram-Illustratif-Journee-du-Chien-2-1-300x300.png\" alt=\"\" class=\"wp-image-530\" srcset=\"https:\/\/gymbyka.com\/wp-content\/uploads\/2024\/06\/Bleu-Publication-Instagram-Illustratif-Journee-du-Chien-2-1-300x300.png 300w, https:\/\/gymbyka.com\/wp-content\/uploads\/2024\/06\/Bleu-Publication-Instagram-Illustratif-Journee-du-Chien-2-1-150x150.png 150w, https:\/\/gymbyka.com\/wp-content\/uploads\/2024\/06\/Bleu-Publication-Instagram-Illustratif-Journee-du-Chien-2-1.png 640w\" sizes=\"auto, (max-width: 300px) 100vw, 300px\" \/><\/figure>\n\n\n\n<figure class=\"wp-block-image size-medium\"><img loading=\"lazy\" decoding=\"async\" width=\"300\" height=\"300\" data-id=\"529\" src=\"https:\/\/gymbyka.com\/wp-content\/uploads\/2024\/06\/Bleu-Publication-Instagram-Illustratif-Journee-du-Chien-1-1-300x300.png\" alt=\"\" class=\"wp-image-529\" srcset=\"https:\/\/gymbyka.com\/wp-content\/uploads\/2024\/06\/Bleu-Publication-Instagram-Illustratif-Journee-du-Chien-1-1-300x300.png 300w, https:\/\/gymbyka.com\/wp-content\/uploads\/2024\/06\/Bleu-Publication-Instagram-Illustratif-Journee-du-Chien-1-1-150x150.png 150w, https:\/\/gymbyka.com\/wp-content\/uploads\/2024\/06\/Bleu-Publication-Instagram-Illustratif-Journee-du-Chien-1-1.png 640w\" sizes=\"auto, (max-width: 300px) 100vw, 300px\" \/><\/figure>\n<\/figure>\n\n\n\n<div class=\"wp-block-group is-nowrap is-layout-flex wp-container-core-group-is-layout-ad2f72ca wp-block-group-is-layout-flex\"><\/div>\n\n\n\n<p><\/p>\n","protected":false},"excerpt":{"rendered":"<p>Mardi : 18h00 \u00e0 Kersonio\u00f9 Mercredi : 10h15 en plein air ; 20h00 \u00e0 la maison Na\u00eetre et Rena\u00eetre Jeudi : 12h15 \u00e0 A New Institut Samedi : 10h30 en plein air<\/p>\n","protected":false},"author":1,"featured_media":0,"parent":0,"menu_order":0,"comment_status":"closed","ping_status":"closed","template":"","meta":{"footnotes":""},"class_list":["post-520","page","type-page","status-publish","hentry"],"yoast_head":"<!-- This site is optimized with the Yoast SEO plugin v27.4 - https:\/\/yoast.com\/product\/yoast-seo-wordpress\/ -->\n<title>Planning - Gym by Ka<\/title>\n<meta name=\"robots\" content=\"index, follow, max-snippet:-1, max-image-preview:large, max-video-preview:-1\" \/>\n<link rel=\"canonical\" href=\"https:\/\/gymbyka.com\/index.php\/planning\/\" \/>\n<meta property=\"og:locale\" content=\"fr_FR\" \/>\n<meta property=\"og:type\" content=\"article\" \/>\n<meta property=\"og:title\" content=\"Planning - Gym by Ka\" \/>\n<meta property=\"og:description\" content=\"Mardi : 18h00 \u00e0 Kersonio\u00f9 Mercredi : 10h15 en plein air ; 20h00 \u00e0 la maison Na\u00eetre et Rena\u00eetre Jeudi : 12h15 \u00e0 A New Institut Samedi : 10h30 en plein air\" \/>\n<meta property=\"og:url\" content=\"https:\/\/gymbyka.com\/index.php\/planning\/\" \/>\n<meta property=\"og:site_name\" content=\"Gym by Ka\" \/>\n<meta property=\"article:publisher\" content=\"https:\/\/www.facebook.com\/SportAuFeminin29\" \/>\n<meta property=\"article:modified_time\" content=\"2025-08-31T15:02:12+00:00\" \/>\n<meta property=\"og:image\" content=\"https:\/\/gymbyka.com\/wp-content\/uploads\/2024\/06\/Bleu-Publication-Instagram-Illustratif-Journee-du-Chien-3-1-300x300.png\" \/>\n<meta name=\"twitter:card\" content=\"summary_large_image\" \/>\n<meta name=\"twitter:label1\" content=\"Dur\u00e9e de lecture estim\u00e9e\" \/>\n\t<meta name=\"twitter:data1\" content=\"1 minute\" \/>\n<script type=\"application\/ld+json\" class=\"yoast-schema-graph\">{\"@context\":\"https:\\\/\\\/schema.org\",\"@graph\":[{\"@type\":\"WebPage\",\"@id\":\"https:\\\/\\\/gymbyka.com\\\/index.php\\\/planning\\\/\",\"url\":\"https:\\\/\\\/gymbyka.com\\\/index.php\\\/planning\\\/\",\"name\":\"Planning - Gym by Ka\",\"isPartOf\":{\"@id\":\"https:\\\/\\\/gymbyka.com\\\/#website\"},\"primaryImageOfPage\":{\"@id\":\"https:\\\/\\\/gymbyka.com\\\/index.php\\\/planning\\\/#primaryimage\"},\"image\":{\"@id\":\"https:\\\/\\\/gymbyka.com\\\/index.php\\\/planning\\\/#primaryimage\"},\"thumbnailUrl\":\"https:\\\/\\\/gymbyka.com\\\/wp-content\\\/uploads\\\/2024\\\/06\\\/Bleu-Publication-Instagram-Illustratif-Journee-du-Chien-3-1-300x300.png\",\"datePublished\":\"2024-06-27T18:11:05+00:00\",\"dateModified\":\"2025-08-31T15:02:12+00:00\",\"breadcrumb\":{\"@id\":\"https:\\\/\\\/gymbyka.com\\\/index.php\\\/planning\\\/#breadcrumb\"},\"inLanguage\":\"fr-FR\",\"potentialAction\":[{\"@type\":\"ReadAction\",\"target\":[\"https:\\\/\\\/gymbyka.com\\\/index.php\\\/planning\\\/\"]}]},{\"@type\":\"ImageObject\",\"inLanguage\":\"fr-FR\",\"@id\":\"https:\\\/\\\/gymbyka.com\\\/index.php\\\/planning\\\/#primaryimage\",\"url\":\"https:\\\/\\\/gymbyka.com\\\/wp-content\\\/uploads\\\/2024\\\/06\\\/Bleu-Publication-Instagram-Illustratif-Journee-du-Chien-3-1.png\",\"contentUrl\":\"https:\\\/\\\/gymbyka.com\\\/wp-content\\\/uploads\\\/2024\\\/06\\\/Bleu-Publication-Instagram-Illustratif-Journee-du-Chien-3-1.png\",\"width\":640,\"height\":640},{\"@type\":\"BreadcrumbList\",\"@id\":\"https:\\\/\\\/gymbyka.com\\\/index.php\\\/planning\\\/#breadcrumb\",\"itemListElement\":[{\"@type\":\"ListItem\",\"position\":1,\"name\":\"Accueil\",\"item\":\"https:\\\/\\\/gymbyka.com\\\/\"},{\"@type\":\"ListItem\",\"position\":2,\"name\":\"Planning\"}]},{\"@type\":\"WebSite\",\"@id\":\"https:\\\/\\\/gymbyka.com\\\/#website\",\"url\":\"https:\\\/\\\/gymbyka.com\\\/\",\"name\":\"Gym by Ka\",\"description\":\"Coaching sportif \u00e0 Quimper\",\"potentialAction\":[{\"@type\":\"SearchAction\",\"target\":{\"@type\":\"EntryPoint\",\"urlTemplate\":\"https:\\\/\\\/gymbyka.com\\\/?s={search_term_string}\"},\"query-input\":{\"@type\":\"PropertyValueSpecification\",\"valueRequired\":true,\"valueName\":\"search_term_string\"}}],\"inLanguage\":\"fr-FR\"}]}<\/script>\n<!-- \/ Yoast SEO plugin. -->","yoast_head_json":{"title":"Planning - Gym by Ka","robots":{"index":"index","follow":"follow","max-snippet":"max-snippet:-1","max-image-preview":"max-image-preview:large","max-video-preview":"max-video-preview:-1"},"canonical":"https:\/\/gymbyka.com\/index.php\/planning\/","og_locale":"fr_FR","og_type":"article","og_title":"Planning - Gym by Ka","og_description":"Mardi : 18h00 \u00e0 Kersonio\u00f9 Mercredi : 10h15 en plein air ; 20h00 \u00e0 la maison Na\u00eetre et Rena\u00eetre Jeudi : 12h15 \u00e0 A New Institut Samedi : 10h30 en plein air","og_url":"https:\/\/gymbyka.com\/index.php\/planning\/","og_site_name":"Gym by Ka","article_publisher":"https:\/\/www.facebook.com\/SportAuFeminin29","article_modified_time":"2025-08-31T15:02:12+00:00","og_image":[{"url":"https:\/\/gymbyka.com\/wp-content\/uploads\/2024\/06\/Bleu-Publication-Instagram-Illustratif-Journee-du-Chien-3-1-300x300.png","type":"","width":"","height":""}],"twitter_card":"summary_large_image","twitter_misc":{"Dur\u00e9e de lecture estim\u00e9e":"1 minute"},"schema":{"@context":"https:\/\/schema.org","@graph":[{"@type":"WebPage","@id":"https:\/\/gymbyka.com\/index.php\/planning\/","url":"https:\/\/gymbyka.com\/index.php\/planning\/","name":"Planning - Gym by Ka","isPartOf":{"@id":"https:\/\/gymbyka.com\/#website"},"primaryImageOfPage":{"@id":"https:\/\/gymbyka.com\/index.php\/planning\/#primaryimage"},"image":{"@id":"https:\/\/gymbyka.com\/index.php\/planning\/#primaryimage"},"thumbnailUrl":"https:\/\/gymbyka.com\/wp-content\/uploads\/2024\/06\/Bleu-Publication-Instagram-Illustratif-Journee-du-Chien-3-1-300x300.png","datePublished":"2024-06-27T18:11:05+00:00","dateModified":"2025-08-31T15:02:12+00:00","breadcrumb":{"@id":"https:\/\/gymbyka.com\/index.php\/planning\/#breadcrumb"},"inLanguage":"fr-FR","potentialAction":[{"@type":"ReadAction","target":["https:\/\/gymbyka.com\/index.php\/planning\/"]}]},{"@type":"ImageObject","inLanguage":"fr-FR","@id":"https:\/\/gymbyka.com\/index.php\/planning\/#primaryimage","url":"https:\/\/gymbyka.com\/wp-content\/uploads\/2024\/06\/Bleu-Publication-Instagram-Illustratif-Journee-du-Chien-3-1.png","contentUrl":"https:\/\/gymbyka.com\/wp-content\/uploads\/2024\/06\/Bleu-Publication-Instagram-Illustratif-Journee-du-Chien-3-1.png","width":640,"height":640},{"@type":"BreadcrumbList","@id":"https:\/\/gymbyka.com\/index.php\/planning\/#breadcrumb","itemListElement":[{"@type":"ListItem","position":1,"name":"Accueil","item":"https:\/\/gymbyka.com\/"},{"@type":"ListItem","position":2,"name":"Planning"}]},{"@type":"WebSite","@id":"https:\/\/gymbyka.com\/#website","url":"https:\/\/gymbyka.com\/","name":"Gym by Ka","description":"Coaching sportif \u00e0 Quimper","potentialAction":[{"@type":"SearchAction","target":{"@type":"EntryPoint","urlTemplate":"https:\/\/gymbyka.com\/?s={search_term_string}"},"query-input":{"@type":"PropertyValueSpecification","valueRequired":true,"valueName":"search_term_string"}}],"inLanguage":"fr-FR"}]}},"_links":{"self":[{"href":"https:\/\/gymbyka.com\/index.php\/wp-json\/wp\/v2\/pages\/520","targetHints":{"allow":["GET"]}}],"collection":[{"href":"https:\/\/gymbyka.com\/index.php\/wp-json\/wp\/v2\/pages"}],"about":[{"href":"https:\/\/gymbyka.com\/index.php\/wp-json\/wp\/v2\/types\/page"}],"author":[{"embeddable":true,"href":"https:\/\/gymbyka.com\/index.php\/wp-json\/wp\/v2\/users\/1"}],"replies":[{"embeddable":true,"href":"https:\/\/gymbyka.com\/index.php\/wp-json\/wp\/v2\/comments?post=520"}],"version-history":[{"count":11,"href":"https:\/\/gymbyka.com\/index.php\/wp-json\/wp\/v2\/pages\/520\/revisions"}],"predecessor-version":[{"id":616,"href":"https:\/\/gymbyka.com\/index.php\/wp-json\/wp\/v2\/pages\/520\/revisions\/616"}],"wp:attachment":[{"href":"https:\/\/gymbyka.com\/index.php\/wp-json\/wp\/v2\/media?parent=520"}],"curies":[{"name":"wp","href":"https:\/\/api.w.org\/{rel}","templated":true}]}}